f i**4/4 - 11*i**3/3 + 9*i**2/2 - 8*i + 373. What is x(10)?
-18
Suppose -165 = -4*v - 17. Suppose 10 = -2*f, -5*f - v = x - 12. Let w(h) = -h**3 - h**2 + 2*h - 7. Give w(x).
-7
Let z(w) = w**2 - 9*w - 39. Suppose -51*x - 48*x = -1287. What is z(x)?
13
Let b = -336 + 20. Let l = b - -321. Let k(o) = o**2 - 6*o - 7. What is k(l)?
-12
Suppose -5*s + 3*f + 1090 = 0, f = -0*s + 3*s - 650. Let w(a) = -214*a**3 + s*a**3 - 2*a**2 - 5 + 1. What is w(3)?
5
Suppose 8*g - 46 - 2 = 0. Let y(r) be the third derivative of 4/3*r**3 + 17*r**2 + 0*r + 1/10*r**5 - 1/120*r**6 - 1/12*r**4 + 0. Determine y(g).
-4
Suppose 4*v + 16 = 0, -522 = 5*l - 0*l - 2*v. Let b = 106 + l. Let u(p) = p**3 + p**2 + 2*p + 4. Determine u(b).
4
Let i(m) = -113*m**3 - 11*m**2 - 4*m + 3. Let s(h) = 97*h**3 + 10*h**2 + 3*h - 2. Let b(j) = 6*i(j) + 7*s(j). Determine b(-4).
16
Let p(j) = -48*j**2 + j + 101. Let m(d) = 7*d**2 - 3*d - 2. Let q(t) = -7*m(t) - p(t). Calculate q(15).
-12
Let t(s) = s**2 - 6*s - 9. Suppose 4*i - 717 = -i - 2*r, -r = -1. Let c = 151 - i. Calculate t(c).
7
Let o(s) = -s**2 + 6*s - 3. Let m be o(4). Let y(j) = -9*j + 0*j**2 + j**2 - m + 1. Let i(w) = -31*w - 1202. Let h be i(-39). What is y(h)?
-18
Let x(z) be the first derivative of 0*z**2 - 7/3*z**3 - 39 - 1/4*z**4 + 9*z. Determine x(-7).
9
Let f(x) be the third derivative of 1/6*x**3 - 1/30*x**5 + 1/3*x**4 - 57*x**2 + 0*x + 0. Calculate f(5).
-9
Suppose -368 = -4*h - 4*c, -7*c = -h - 4*c + 84. Suppose -36*m - h = -27*m. Let i(p) = -p**2 - 10*p - 15. Determine i(m).
-15
Let z = 166 + -166. Let s(r) = 168*r**2 + z*r - 8*r - 169*r**2 + 7. Give s(-9).
-2
Suppose 22*f = 53*f - 83 - 351. Let l(g) = g**3 - 15*g**2 + 19*g - 23. Give l(f).
47
Let i(g) be the second derivative of -g**7/2520 + g**6/120 + g**5/30 - g**4/2 - 8*g**3/3 + 34*g + 3. Let p(y) be the third derivative of i(y). Determine p(7).
-3
Let g(c) = -c**2 - 457*c + 349*c + 117*c - 4. Give g(10).
-14
Let n(r) = -12*r + 78. Let k(q) = -q**2 + 15*q + 370. Let j be k(28). Calculate n(j).
6
Let a be -128 - -122 - -3*6/(-9). Let m(f) = 2*f**2 + 8*f - 19. Give m(a).
45
Let h(n) be the second derivative of -3*n**3/2 + 4*n**2 - 111*n - 3. Calculate h(-7).
71
Let i(p) = 1321*p**3 + 5 + 1323*p**3 - 3959*p**3 + 1318*p**3 - 4*p - 3*p**2. Give i(2).
9
Let n = 1488 + -1472. Let v(i) be the first derivative of -1/3*i**3 - 7*i - n - 5/2*i**2. What is v(-6)?
-13
Let f(u) be the third derivative of -u**6/120 - u**5/15 + u**4/8 - 2*u**3/3 + u**2 + u + 480. Let q(r) = r - 1. Let t be q(-4). Calculate f(t).
6
Let z(k) = 25*k**3 + 5*k**2 + 4*k + 3. Let o(n) = -66*n**3 - 13*n**2 - 11*n - 8. Let a(x) = -3*o(x) - 8*z(x). Suppose 1 = 3*t - 2. Give a(t).
-2
Let i(y) = 96*y**2 - 9*y + 96*y**2 + y**3 + 88*y**2 - 276*y**2 + 2. Determine i(-6).
-16
Let x(i) = i**3 + 49*i**2 + 92*i - 88. Let g = 563 + -610. Let u be x(g). Let h(n) = -n + 4. Calculate h(u).
-2
Let z(j) = -9 + 641*j - 333*j - 1 - 321*j. Determine z(0).
-10
Let l(q) be the second derivative of -q**5/20 + q**4/3 + 5*q**3/6 + 5*q**2 - 156*q. Let z(n) = 21*n - 121. Let p be z(6). Give l(p).
10
Let h be (2/(-6))/(6/(-108)*3). Let a(p) = p**2 - 3*p + 1. What is a(h)?
-1
Let c(p) = 9*p**2 - 8*p - 12. Let h(y) = y**2 - 130*y + 1197. Let l be h(10). Calculate c(l).
93
Let f(c) = 11*c + 5. Let r be ((-7)/(-91) + 38/13)/(-1). What is f(r)?
-28
Let o(n) = -438 + 12*n + 18*n - 660 + 549 - n. Determine o(19).
2
Let k(b) = b**2 - 7*b + 2. Suppose -z - g = 594, 3*g - 610 = -11*z + 12*z. Let i = -592 - z. What is k(i)?
-4
Let c(y) be the second derivative of 0 + 11/2*y**2 + 1/20*y**5 + 11/6*y**3 - 133*y - y**4. What is c(11)?
11
Let h(q) be the second derivative of q**5/20 + 5*q**4/12 + 3*q**2/2 - 3*q. Suppose 5*s + 0 = 2*r + 5, -2*r = -4*s + 2. Let x be (3 + -8)/(s/15*5). What is h(x)?
3
Let g(f) be the third derivative of -f**6/60 + 11*f**5/60 - 11*f**4/24 - 5*f**3/6 + 41*f**2 - f - 13. Calculate g(4).
-1
Let r(z) = -z**3 - 9*z**2 - 6*z - 39. Suppose -2*s - 5*a = 28, 0 = -5*s - 91*a + 89*a - 49. Give r(s).
15
Suppose -158*v + 159*v = 2. Let g(d) = -2*d**3 - 2159*d**2 + 2158*d**v + 3*d**3 - 8. Suppose 0 = -2*p + p. Calculate g(p).
-8
Let t(l) = 4*l - 45. Let v be t(13). Let j(y) = -9*y - 3. Let r(q) = 72 + 72 - 5*q - 145. Let s(z) = v*r(z) - 4*j(z). Calculate s(-7).
-2
Let q(h) = h + 38. Let c be q(0). Let y be (-55)/20 + 3 - c/(-8). Let n be -1*(y + 2 + -6). Let o(u) = -5*u**2 - 2*u - 1. What is o(n)?
-4
Let u(d) = d**3 - 2*d**2 - 10*d + 10. Let b(p) = -203*p + 1627. Let o be b(8). Give u(o).
-11
Let n = 320 + -320. Suppose 3*u = -2*q + 25, -4*u + 25 = -0*q + q. Let v(s) = -s - 7. Let j(d) = -d - 7. Let t(b) = q*v(b) - 6*j(b). What is t(n)?
7
Let o(h) = -h**3 - 29*h**2 - 32*h - 31. Let l be o(-28). Suppose -l = -4*z - 101. Let r(n) = -n - 6. Determine r(z).
-1
Let s be 1521/546 - (-9)/42. Let t(r) = 14*r - 4. Determine t(s).
38
Let i be (-38)/(-6) + (-2)/(-3). Let o(c) = 2*c + 24. Let v be 4 + (1/(-1))/((-1)/(-7)). Let h(k) = -2*k - 18. Let p(w) = v*o(w) - 4*h(w). Determine p(i).
14
Let i(q) = 6*q**2 + 3*q - 10. Let h(k) = 4*k - 4. Let l(o) = -2*h(o) + i(o). Give l(-1).
9
Let u(p) = p**2 + 12*p + 9. Let y(k) = 2*k**3 + 4*k**2 + 6*k + 9. Let d be y(-3). Let m = d + 86. Suppose 0 = -m*j + 55*j - 44. Calculate u(j).
-2
Let l(z) = 2*z + 103. Let g(y) = -14. Let d(w) = -6*g(w) - l(w). Determine d(4).
-27
Let i = -94 + 102. Let p(o) = -15*o + i*o + 9 + 6*o. What is p(6)?
3
Let t(l) = 10*l - 5*l**2 + 4*l**2 - 4*l + 0*l**2. Let q(o) = -o**2 - o. Let x(k) = -3*q(k) + t(k). Give x(-6).
18
Let n(r) be the first derivative of -r**4/4 - 8*r**3/3 - 11*r**2/2 - 11*r - 2863. What is n(-5)?
-31
Let h(r) = r**2 - 8*r - 2. Suppose 0 = 100*l - 96*l - 4. Let v be 16 - (-5 - -13 - l). Calculate h(v).
7
Let y(f) = 17*f + 54. Let h be y(-3). Let o(w) = 12*w**2 - 5*w**2 + 6 - 1321*w**3 + w + 1322*w**h. Calculate o(-5).
51
Let t(p) = 2*p - 45. Let g = 104 - 83. Let n be t(g). Let d(c) = 7*c + 6. Determine d(n).
-15
Let b(h) be the second derivative of -h**4/12 + 11*h**3/6 - 3*h**2/2 - 2*h. Let m(g) = -168*g - 1168. Let o be m(-7). Give b(o).
21
Let d(f) = 23*f - 41. Let i be d(4). Suppose 0 = -i*o + 50*o - 4. Let h(x) = 2*x + 2 + 3 - 3. What is h(o)?
-6
Let g(i) = 29*i - 1. Suppose 3*n - 265 = -73. Suppose 4*b + 4*b = n. Let f(l) = 2*l**2 - 15*l - 7. Let y be f(b). Determine g(y).
28
Let q(s) = s**3 + 16*s**2 - 13*s + 76. Let g be q(-17). Let l(b) = -2*b**3 + 14*b**2 + 19*b - 19. Give l(g).
5
Let c(f) = 4 - 16 - 2*f + 12 + 6*f**2 + 11 - f**3. Determine c(5).
26
Let l(s) = 2*s - 7. Let t = 373 + -528. Let d = t + 160. Determine l(d).
3
Let o(c) = -c**2 - 6*c + 136. Let m(v) = -5*v**2 - 28*v + 682. Let i(t) = 4*m(t) - 21*o(t). Determine i(-20).
-8
Let d(z) = -9140 - z - 9155 + 18284. Let r = -16 - -11. Give d(r).
-6
Suppose -13*k - 126 = -20*k. Let a(o) = 6*o**2 - 7 + k - 960*o**3 - 10*o + 961*o**3. Give a(-8).
-37
Let i(n) be the second derivative of n**3/6 + 9*n**2/2 - 5*n - 582. Give i(5).
14
Suppose 2135*h - 2131*h - 20 = 0. Let g(b) = 18*b - 25. Determine g(h).
65
Let y be (25 - (-6710)/(-275))/((-1)/(-5)). Let a(z) be the first derivative of -3/4*z**4 - 1/3*z**y + 0*z + 0*z**2 - 17. Calculate a(1).
-4
Let y(f) be the second derivative of f**5/20 + 13*f**4/12 + 11*f**3/6 + 17*f**2/2 + 18*f + 30. What is y(-12)?
29
Let h(p) = -43*p - 47*p + 125*p - 46*p. Let g(i) = -112*i. Let d(z) = -2*g(z) + 21*h(z). Calculate d(-1).
7
Let z = -13 - -14. Let j be z/((-4)/8) + -4. Let h(u) be the first derivative of 2*u**2 + 4*u - 69. What is h(j)?
-20
Suppose 3*b + 37 - 190 = 0. Suppose 5*x = -26 + b. Let j(c) = -4*c + 5. Determine j(x).
-15
Let b be (0/(30/6))/1. Let o(k) = b - 2 + 0 - 55*k + 56*k. Let g = 11 - 18. Calculate o(g).
-9
Let i = -71 + 484. Let a be i/35 + (-8)/10. Let v(p) = p**2 - 8*p - 9. Determine v(a).
24
Let s(x) = 2*x - 171. Let a = 23880 - 23880. Determine s(a).
-171
Let l(s) = 7*s**2 - 1. Let q(c) = c**3 + c - 1. Let n(a) = -7*a**3 - 2*a**2 - 2*a + 3. Let h(p) = -n(p) - 5*q(p). Let m be h(1). Let u = m + -4. What is l(u)?
6
Let n(q) = -5*q + 320. Let g(k) = 20*k - 1168. Let o(c) = 6*g(c) + 22*n(c). Calculate o(-10).
-68
Let y(u) = 23*u**2 + 2*u - 2. Let w(n) = 22*n**2 + 2*n - 1. Let z(g) = 3*w(g) - 2*y(g). Suppose -4*k + 0*k - 4*i = 8, -2*k + 2*i = 0.